e prime factors of 104261.
17, 6133
List the prime factors of 1121.
19, 59
What are the prime factors of 81845?
5, 16369
What are the prime factors of 1562?
2, 11, 71
What are the prime factors of 34410?
2, 3, 5, 31, 37
What are the prime factors of 33?
3, 11
What are the prime factors of 127833?
3, 42611
List the prime factors of 2314.
2, 13, 89
List the prime factors of 5466.
2, 3, 911
List the prime factors of 41171.
13, 3167
What are the prime factors of 308?
2, 7, 11
What are the prime factors of 10801?
7, 1543
What are the prime factors of 15982?
2, 61, 131
What are the prime factors of 109?
109
List the prime factors of 157.
157
What are the prime factors of 1080?
2, 3, 5
List the prime factors of 58663.
11, 5333
List the prime factors of 5808.
2, 3, 11
List the prime factors of 29506.
2, 14753
What are the prime factors of 2610?
2, 3, 5, 29
List the prime factors of 418.
2, 11, 19
List the prime factors of 19379.
19379
List the prime factors of 14.
2, 7
What are the prime factors of 5436?
2, 3, 151
List the prime factors of 2334.
2, 3, 389
What are the prime factors of 38020?
2, 5, 1901
What are the prime factors of 11584?
2, 181
What are the prime factors of 833?
7, 17
List the prime factors of 802.
2, 401
What are the prime factors of 1214?
2, 607
What are the prime factors of 818?
2, 409
What are the prime factors of 9770?
2, 5, 977
What are the prime factors of 17306?
2, 17, 509
What are the prime factors of 61479?
3, 11, 23
List the prime factors of 3227.
7, 461
What are the prime factors of 230?
2, 5, 23
What are the prime factors of 24092?
2, 19, 317
What are the prime factors of 541?
541
List the prime factors of 2836.
2, 709
What are the prime factors of 27509?
27509
List the prime factors of 123.
3, 41
List the prime factors of 11070.
2, 3, 5, 41
What are the prime factors of 57443?
17, 31, 109
What are the prime factors of 3605?
5, 7, 103
What are the prime factors of 5879?
5879
What are the prime factors of 3706?
2, 17, 109
List the prime factors of 61.
61
List the prime factors of 634.
2, 317
What are the prime factors of 6285?
3, 5, 419
What are the prime factors of 38902?
2, 53, 367
What are the prime factors of 12954?
2, 3, 17, 127
What are the prime factors of 14070?
2, 3, 5, 7, 67
List the prime factors of 43577.
43577
What are the prime factors of 58?
2, 29
What are the prime factors of 61081?
17, 3593
List the prime factors of 3419.
13, 263
What are the prime factors of 8126?
2, 17, 239
List the prime factors of 3658.
2, 31, 59
List the prime factors of 4665.
3, 5, 311
What are the prime factors of 2509?
13, 193
List the prime factors of 7029.
3, 11, 71
What are the prime factors of 327?
3, 109
List the prime factors of 3045.
3, 5, 7, 29
List the prime factors of 1058.
2, 23
List the prime factors of 1085.
5, 7, 31
List the prime factors of 45591.
3, 7, 13, 167
What are the prime factors of 11286?
2, 3, 11, 19
List the prime factors of 25934.
2, 12967
What are the prime factors of 2328?
2, 3, 97
What are the prime factors of 11871?
3, 1319
What are the prime factors of 7284?
2, 3, 607
List the prime factors of 3253.
3253
List the prime factors of 802.
2, 401
What are the prime factors of 4306?
2, 2153
What are the prime factors of 1260?
2, 3, 5, 7
List the prime factors of 10580.
2, 5, 23
What are the prime factors of 30159?
3, 1117
What are the prime factors of 53163?
3, 11, 179
What are the prime factors of 238?
2, 7, 17
List the prime factors of 103882.
2, 51941
What are the prime factors of 1873?
1873
What are the prime factors of 21406?
2, 7, 11, 139
What are the prime factors of 5954?
2, 13, 229
List the prime factors of 3394.
2, 1697
What are the prime factors of 386?
2, 193
What are the prime factors of 4?
2
List the prime factors of 9087.
3, 13, 233
What are the prime factors of 5649?
3, 7, 269
List the prime factors of 620.
2, 5, 31
What are the prime factors of 11123?
7, 227
What are the prime factors of 5896?
2, 11, 67
List the prime factors of 61208.
2, 7, 1093
What are the prime factors of 477?
3, 53
What are the prime factors of 1246?
2, 7, 89
List the prime factors of 38237.
38237
What are the prime factors of 24022?
2, 12011
List the prime factors of 1600.
2, 5
List the prime factors of 5168.
2, 17, 19
What are the prime factors of 2377?
2377
What are the prime factors of 9818?
2, 4909
List the prime factors of 48210.
2, 3, 5, 1607
What are the prime factors of 8652?
2, 3, 7, 103
List the prime factors of 158149.
167, 947
List the prime factors of 16419.
3, 13, 421
List the prime factors of 7311.
3, 2437
What are the prime factors of 3062?
2, 1531
List the prime factors of 340.
2, 5, 17
List the prime factors of 1442.
2, 7, 103
List the prime factors of 27639.
3, 37, 83
What are the prime factors of 18518?
2, 47, 197
List the prime factors of 44768.
2, 1399
What are the prime factors of 5504?
2, 43
List the prime factors of 1575.
3, 5, 7
What are the prime factors of 293?
293
List the prime factors of 2002.
2, 7, 11, 13
What are the prime factors of 123?
3, 41
What are the prime factors of 3158?
2, 1579
What are the prime factors of 1076?
2, 269
List the prime factors of 18242.
2, 7, 1303
What are the prime factors of 25839?
3, 11, 29
What are the prime factors of 204?
2, 3, 17
What are the prime factors of 2598?
2, 3, 433
What are the prime factors of 84832?
2, 11, 241
What are the prime factors of 12335?
5, 2467
What are the prime factors of 865?
5, 173
What are the prime factors of 3729?
3, 11, 113
What are the prime factors of 77109?
3, 25703
What are the prime factors of 3656?
2, 457
List the prime factors of 23018.
2, 17, 677
List the prime factors of 19136.
2, 13, 23
List the prime factors of 76909.
7, 10987
List the prime factors of 434.
2, 7, 31
What are the prime factors of 37968?
2, 3, 7, 113
What are the prime factors of 82010?
2, 5, 59, 139
What are the prime factors of 76782?
2, 3, 67, 191
List the prime factors of 87.
3, 29
What are the prime factors of 41459?
11, 3769
What are the prime factors of 2330?
2, 5, 233
What are the prime factors of 10721?
71, 151
What are the prime factors of 793?
13, 61
List the prime factors of 1297.
1297
What are the prime factors of 22479?
3, 59, 127
What are the prime factors of 3423?
3, 7, 163
List the prime factors of 723.
3, 241
List the prime factors of 8326.
2, 23, 181
List the prime factors of 206.
2, 103
List the prime factors of 3943.
3943
List the prime factors of 1074.
2, 3, 179
List the prime factors of 918.
2, 3, 17
What are the prime factors of 4492?
2, 1123
What are the prime factors of 12107?
12107
List the prime factors of 11562.
2, 3, 41, 47
List the prime factors of 10460.
2, 5, 523
What are the prime factors of 11684?
2, 23, 127
What are the prime factors of 348?
2, 3, 29
List the prime factors of 6832.
2, 7, 61
List the prime factors of 279.
3, 31
List the prime factors of 2377.
2377
What are the prime factors of 17903?
17903
What are the prime factors of 4705?
5, 941
List the prime factors of 30.
2, 3, 5
What are the prime factors of 8964?
2, 3, 83
What are the prime factors of 21211?
21211
List the prime factors of 747.
3, 83
What are the prime factors of 164?
2, 41
What are the prime factors of 3556?
2, 7, 127
What are the prime factors of 34982?
2, 17491
List the prime factors of 999.
3, 37
List the prime factors of 15501.
3, 5167
List the prime factors of 56213.
67, 839
What are the prime factors of 5102?
2, 2551
What are the prime factors of 6853?
7, 11, 89
What are the prime factors of 59091?
3, 19697
What are the prime factors of 50283?
3, 37, 151
What are the prime factors of 2470?
2, 5, 13, 19
List the prime factors of 1900.
2, 5, 19
What are the prime factors of 2106?
2, 3, 13
What are the prime factors of 5023?
5023
What are the prime factors of 21954?
2, 3, 3659
List the prime factors of 22285.
5, 4457
List the prime factors of 1898.
2, 13, 73
List the prime factors of 872.
2, 109
List the prime factors of 3044.
2, 761
List the prime factors of 5074.
2, 43, 59
List the prime factors of 7364.
2, 7, 263
What are the prime factors of 131035?
5, 73, 359
List the prime factors of 2539.
2539
List the prime factors of 263.
263
List the prime factors of 4758.
2, 3, 13, 61
List the prime factors of 31103.
19, 1637
What are